ime factors of g?
53
Suppose -2*l - 165 = 3*l. Let y be (-1545)/l + 2/11. Suppose y = 5*a - 8. List the prime factors of a.
11
Let z(m) = 6*m**2 - m + 3. Let h be z(2). Suppose 5*b = h - 0. Let r(o) = 3*o - 13. List the prime factors of r(b).
2
Let u(o) = o**3 + 4*o**2 - o + 1. Let z be u(-4). Suppose -7 = x - 3*y, z*x - y + 90 = 27. Let w = 2 - x. What are the prime factors of w?
3, 5
Let s be 4/4 + (1 - -2). Suppose 0 = -b - b - 5*x + 79, -2*b + s*x + 52 = 0. Suppose -b = -a - 3. List the prime factors of a.
29
Suppose p + 20 = 5*d, 5*p + 47 = -2*d - 26. Let s = p + 16. List the prime factors of 33/(-11) + s*43.
2, 5
Let c be (-5)/5*2 - -196. Suppose c = -a + 3*a. What are the prime factors of a?
97
Let x(w) = w. Let p be x(-1). Let s be -6*2/(1 - p). Let z(k) = k**2 + 5*k + 7. What are the prime factors of z(s)?
13
Suppose -m = -4*y + 5, -5*y + 3*y + 5 = -m. Let i be -3*(-3 + y + 2). Suppose 66 = i*v - 42. List the prime factors of v.
2, 3
Suppose -124 = -4*o + n, 3*n + n - 44 = -2*o. Suppose l = -11 + o. What are the prime factors of l?
19
Suppose -8 = 4*i, 2*u - 4368 = -3*i + 7*i. List the prime factors of u.
2, 5, 109
Let c be (-6)/12 - (-14)/4. Suppose -3*p + 10 = -c*d - 5*p, -4*p = 5*d + 14. What are the prime factors of (-159)/d + (-2)/(-4)?
3
Let t = -20 - -16. Let r be (-5 - -2)*(3 + t). Suppose -52 = r*g - 7*g. List the prime factors of g.
13
Suppose -2*f + 2*d = -6, 2*d + 30 = 4*f + 7*d. Let y(p) = -p**3 + 6*p**2 - p - 2. List the prime factors of y(f).
2, 3
Suppose -3*r + 43 - 4 = 0. What are the prime factors of ((-585)/r)/(3/(-10))?
2, 3, 5
Let s = 25 - 46. List the prime factors of 1*-3 + s*(-4)/6.
11
Let m = -6 + -4. Let p(k) = -4 - 3*k + 7*k**3 + 10*k**2 - 12*k**3 + 6*k**3. List the prime factors of p(m).
2, 13
Suppose -4366 = -5*z - 3*r, -4*r = 3*z - 912 - 1701. List the prime factors of z.
5, 7
Suppose 22 = -2*s - 3*y, -s - 55 = 4*s - 3*y. Let r(u) = u**3 + 10*u**2 - 14*u - 27. List the prime factors of r(s).
2, 3
Let r be -4*11*30/20. Let j = -46 - r. List the prime factors of j.
2, 5
Suppose 0 = -q - 3*v + 5351, -3*q + v = 2375 - 18398. What are the prime factors of q?
2, 2671
Suppose 4*z + 420 = 4*d, -4*z + 22 = -3*d + 334. Suppose v = -2*o - 2*v + 62, d = 4*o + 2*v. List the prime factors of o.
5
Suppose 0 + 4 = 2*i. Let b(d) = 39*d - 4. What are the prime factors of b(i)?
2, 37
Let m(a) = -a**2 + a + 1. Let c be m(3). Let j(t) be the third derivative of -t**4/24 - 7*t**2. List the prime factors of j(c).
5
Suppose -9*p - 51*p = -50880. List the prime factors of p.
2, 53
Let s(z) = -z - 4. Let a be s(0). Let x = 46 + a. Let w = 69 - x. List the prime factors of w.
3
Suppose -24 = -6*y - 6*y. Suppose 3*x + 649 = 4*r - y*x, 3*r - 482 = -x. What are the prime factors of r?
7, 23
List the prime factors of (-1 - -5)*(605 + -4).
2, 601
Let u = 71 + 356. List the prime factors of u.
7, 61
Let d(k) = -593*k + 33. What are the prime factors of d(-2)?
23, 53
Suppose -2*g + 6091 = -2683. List the prime factors of g.
41, 107
Suppose 0 = 23*c - 27*c + v + 5964, 2*v - 5952 = -4*c. List the prime factors of c.
2, 5, 149
Let j(l) = l**3 + 6*l**2 + 5*l + 2. Suppose 5*g + 10 + 10 = 0. Let a be j(g). Let w = 27 - a. What are the prime factors of w?
13
Let r(x) be the third derivative of 7*x**5/60 - x**4/6 - 10*x**3/3 + 9*x**2 - 3*x. What are the prime factors of r(6)?
2, 13
Suppose -8*b - 37 = -3149. What are the prime factors of b?
389
Let c(z) = 118*z**3 + 11*z**2 - 30*z + 3. What are the prime factors of c(2)?
7, 19
Suppose 2*c = -5*d + 5881, -3*d + c = -2990 - 543. What are the prime factors of d?
11, 107
Suppose g - 3*b = -4 - 1, 2*g = -5*b + 23. Suppose a - g = 3*a. Let n = 3 - a. List the prime factors of n.
5
Let p(y) = -3*y - 10. Let r be p(-9). Let k = 18 - r. What are the prime factors of k/(-2) - 210/(-20)?
2, 5
Suppose 3*k = 5*y - 20, 4*k = -5*y - 0*k + 55. Suppose -240 = -2*d + y*d. Let t = -29 - d. What are the prime factors of t?
19
Let u = -1312 + 3121. What are the prime factors of u?
3, 67
Let a(h) = -h + 14. Suppose 0 = 2*r - 5 - 1. Suppose -z + 2*i + 26 = 2*z, 2*z - r*i = 9. List the prime factors of a(z).
2
Let l(r) = 0 - 2*r - 1 - r**3 - 2 - 2*r**2 + 4. What are the prime factors of l(-3)?
2
Suppose 18 = -3*t + 3*l + 3, 4*t + 4*l + 60 = 0. Let s = 14 + t. What are the prime factors of ((4 - s) + 7)*7?
7
Let t be 3 + -1 + (-15)/(-5). Let r(x) = 8*x. Let j(d) = 3*d. Let o(g) = 7*j(g) - 2*r(g). List the prime factors of o(t).
5
Suppose -10*i + 4*d + 2048 = -8*i, i - 1012 = -2*d. What are the prime factors of i?
2, 509
Let c(a) = 14*a**3 + 7*a**2 + 5*a - 2. What are the prime factors of c(4)?
2, 3, 19
Let o(t) = 3*t**2 - 18*t - 53. List the prime factors of o(-22).
5, 359
Suppose 0 = 11*h - 38*h + 13824. List the prime factors of h.
2
Suppose j + 50 = 3*j. Let b = 82 - 79. Suppose i + b = j. List the prime factors of i.
2, 11
Let d(w) = 2*w**2 - 10*w + 34. List the prime factors of d(15).
2, 167
Suppose g + 2*r = 55, -5*r + 65 = g - r. Suppose -2*c - h + g = -0*h, c - 5*h = 28. Let k = c - 8. What are the prime factors of k?
3, 5
Suppose 2*x - 528 = -4*h, 3*x + 0 + 6 = 0. What are the prime factors of -1 - ((h*-1 - 4) + 3)?
7, 19
Suppose -2060 = -2*c + 2*o, -9*o + 18 = -15*o. List the prime factors of c.
13, 79
Suppose -5*j + 5983 = -967. What are the prime factors of j?
2, 5, 139
Let r = 59 + -91. Let h = 105 + r. List the prime factors of h.
73
Suppose -23*w = -27*w + 8. List the prime factors of (-194)/(-7) + w/7.
2, 7
Let w = 8 + 44. What are the prime factors of (-2)/(-3) - w/(-12)*1?
5
Let p(u) = 7*u**2 - 4. Let y be p(2). Suppose -y*m + 22*m + 318 = 0. List the prime factors of m.
3, 53
Let p = 7381 + -3775. List the prime factors of p.
2, 3, 601
Suppose 1 = -g - x, -5*g + 8 = -x - 17. Suppose g*i + 60 = -i. Let q = 25 + i. What are the prime factors of q?
13
Suppose 2*q = 3*q - 5. Suppose -5*r - q*l + 25 = 0, 1 = -2*r + 4*l - 1. Suppose 0 = -0*k + r*k - 135. What are the prime factors of k?
3, 5
List the prime factors of 8/16 + 2727/6.
5, 7, 13
Let l(n) = 11*n**2 - 40*n + 29. List the prime factors of l(-19).
2, 5, 7, 17
Let q = 1698 - 837. List the prime factors of q.
3, 7, 41
Let h = -6 + 19. Suppose r = q - 61, h = -q - 2*r + 62. What are the prime factors of q?
3, 19
What are the prime factors of 693 + (-10)/(-3) + 5/(-15)?
2, 3, 29
Let y(n) = n + 12. Let l be y(-7). Suppose -5*x + 156 + 163 = 3*r, -3*r + l*x = -299. List the prime factors of r.
103
Let z = -469 + 798. List the prime factors of (z/(-28))/((-1)/4).
47
Let i be 1524/8 - (-6)/(-4). What are the prime factors of 0 + 0 - (0 - i)?
3, 7
Let n = -45 + 45. Suppose n = -5*r - 5*k + 61 + 14, -2*r - 4*k + 20 = 0. List the prime factors of r.
2, 5
Let q be (-1 + -1)/(-2 - 1228/(-613)). Let o = 872 + q. What are the prime factors of o?
7, 37
What are the prime factors of 32/(-24)*114*-1?
2, 19
Suppose -3*l + 7*l = -f + 145, -5*f = -4*l - 845. List the prime factors of f.
3, 5, 11
Let d(a) = -a**3 - 3*a**2 + 3*a + 2. Let i(f) = f - 7. Let h be i(3). Let k be d(h). Suppose 110 = k*y - y. What are the prime factors of y?
2, 11
Let q = 94 - 47. Let k be ((-2)/(4/6))/(10/(-10)). Suppose 0 = -5*c + 4*a + q, 0 = -k*c + a - 3*a + 37. List the prime factors of c.
11
Let b(l) = l**3 - 6*l**2 - 8*l + 8. Let k be b(7). Suppose -m = -0 + k. List the prime factors of (42 + 2)*m/(-4).
11
Let f(g) be the third derivative of g**4/24 + g**2. Let b be f(0). Suppose b = -4*q + 20, 9 = y + 4*q - 30. What are the prime factors of y?
19
Suppose 30 = 5*w + 5. Suppose 7*h - 2*h = -w*n + 285, 2*h + 3*n = 115. What are the prime factors of h?
2, 7
Let b(n) = 3*n**2 - n - 5. Let v be b(-3). Suppose 0*t = -5*t + v. Suppose -6*h - 2*u + 62 = -2*h, 0 = -t*h + 5*u + 70. What are the prime factors of h?
3, 5
Let f(c) = 23*c**3 + 3*c**2 - 11*c - 13. What are the prime factors of f(3)?
2, 7, 43
List the prime factors of 1/(-5 + (-25614)/(-5121)).
569
Let y be (2 + 0)/((-1)/(-2)). Let j(g) = 34*g + 2. Let s be j(0). Suppose h + y*t = 11, h + s*h = -2*t + 33. What are the prime factors of h?
11
Suppose 3*w + 8 = -2*b + 29, 2*w + 2 = 0. Suppose b = l - 2*m + m, 0 = -l + 4*m + 21. What are the prime factors of l?
3
Suppose -3*c - c + 37 = 5*f, -3*c - 11 = -4*f. Suppose 2*g - 4*r - 83 - 97